7
Let n(h) = -4502*h - 202602. What is n(-45)?
-12
Let c(o) = -1229*o + 365090. Give c(298).
-1152
Let s(j) = j**3 + 21*j**2 + 161*j + 562. Determine s(-12).
-74
Let w(o) = 418*o - 12458. Give w(30).
82
Let j(l) = 1929*l**2 + 28929*l - 115. What is j(-15)?
-25
Let f(v) = -v**3 + 3*v**2 - 18*v - 1073. Give f(-9).
61
Let r(a) = 2382*a + 124074. What is r(-52)?
210
Let p(u) = -4*u**3 + 163*u**2 - 1056*u - 84. Give p(33).
-1173
Let c(n) = -2557*n - 4101. Determine c(-1).
-1544
Let k(p) = 6*p**3 + 46*p**2 + 55*p + 550. Calculate k(-8).
-18
Let y(k) = -153*k + 3658. What is y(25)?
-167
Let h(t) = 34*t**2 - 12389*t - 20122. Determine h(366).
8
Let x(b) = -101*b - 1271. What is x(6)?
-1877
Let m(s) = 2*s**2 - 6098*s + 48678. Give m(8).
22
Let s(b) = 276*b**3 - 31*b**2 - 66*b - 1. Calculate s(-2).
-2201
Let u(p) = 874*p + 3273. Determine u(-4).
-223
Let w(l) = 149*l + 28567. What is w(-192)?
-41
Let v(j) = j**3 + 22*j**2 + 3655*j + 107085. Determine v(-28).
41
Let w(k) = k**3 + 146*k**2 - 95*k + 7578. Give w(-147).
-66
Let a(x) = x**3 + 50*x**2 - 67*x + 3643. Give a(-53).
-1233
Let i(x) = -2617*x**2 - 20955*x - 169. What is i(-8)?
-17
Let d(s) = -24*s**3 - 55*s**2 - 107*s + 7. Determine d(-2).
193
Let i(b) = -b**2 - 2364*b + 23735. Calculate i(10).
-5
Let u(i) = -i**3 - 35*i**2 - 264*i - 5352. Calculate u(-32).
24
Let h(p) = 8984*p - 44929. Give h(5).
-9
Let o(a) = 3*a**2 - 11268*a - 467039. What is o(-41)?
-8
Let d(b) = -5*b**2 - 2200*b - 38074. What is d(-18)?
-94
Let f(w) = w**3 - 13*w**2 + 12240*w - 97616. Determine f(8).
-16
Let x(y) = 7101*y - 134909. Calculate x(19).
10
Let o(k) = -15355*k - 1351245. Calculate o(-88).
-5
Let c(k) = 2485*k**2 + 9996*k - 10. Give c(-4).
-234
Let p(c) = 16*c**3 + 136*c**2 - 214*c + 266. What is p(-10)?
6
Let l(y) = 11325*y + 21935. Give l(-2).
-715
Let u(s) = 124*s**2 - 19477*s + 1402. Determine u(157).
-11
Let c(b) = -2510249*b + 37653735. Give c(15).
0
Let x(k) = 32*k**2 - 692*k - 4127. What is x(-6)?
1177
Let q(a) = a**2 - 16111*a - 1035257. What is q(-64)?
-57
Let m(o) = 1036*o + 401975. Calculate m(-388).
7
Let y(k) = 1452*k + 20950. What is y(-16)?
-2282
Let y(w) = -2248*w + 287745. Give y(128).
1
Let f(g) = -22421*g - 111294. Give f(-5).
811
Let n(w) = 32199*w - 289825. Determine n(9).
-34
Let o(n) = -n**2 + 39*n + 172. What is o(-5)?
-48
Let p(s) = s**2 - 18*s - 2259. Give p(47).
-896
Let m(y) = -2*y**3 - 159*y**2 - 1442*y + 37. Calculate m(-69).
-446
Let n(d) = -8649*d - 17567. Give n(-2).
-269
Let n(m) = -m**3 - 177*m**2 - 2108*m + 341. Determine n(-13).
29
Let x(r) = 200*r + 13450. Determine x(-67).
50
Let j(v) = -v**2 - 610*v - 13436. Determine j(-23).
65
Let w(b) = 221*b**2 + 1846*b - 3688. Give w(2).
888
Let d(l) = 3*l**3 - 221*l**2 - 777*l + 504. What is d(77)?
-35
Let r(v) = -2*v**3 - 630*v**2 - 9577*v - 155. Determine r(-16).
-11
Let t(d) = d**3 + 118*d**2 - 208*d - 24522. Determine t(-118).
22
Let p(k) = k**3 - 2*k**2 - 8*k - 300. Give p(-7).
-685
Let h(y) = 3*y**3 - 24*y**2 + 27*y - 37. Calculate h(7).
5
Let y(b) = -b**2 - 1701*b - 686295. Give y(-658).
-1
Let i(n) = -4321*n - 38900. Calculate i(-9).
-11
Let i(a) = -5*a**3 - 1606*a**2 - 322*a - 315. Give i(-321).
6
Let q(n) = n**3 + 87*n**2 - 105*n - 152. Determine q(-88).
1344
Let m(f) = -23776*f + 1379018. Calculate m(58).
10
Let y(u) = -27*u**2 - 7699*u + 62114. Calculate y(-293).
-2
Let d(p) = -604*p + 1623. Calculate d(5).
-1397
Let n(o) = o**3 - 139*o**2 + 153*o - 1882. Determine n(138).
188
Let g(f) = 193*f + 27648. What is g(-143)?
49
Let c(m) = m**2 - 844*m + 90479. What is c(126)?
11
Let a(w) = 24*w**2 + 5352*w - 5. Determine a(-223).
-5
Let w(u) = -5308*u + 429954. Calculate w(81).
6
Let u(y) = 2*y**2 + 3454*y - 255324. Determine u(71).
-8
Let f(z) = 101*z**3 + 4243*z**2 + 34*z - 135. Calculate f(-42).
201
Let f(b) = 69*b**2 + 7510*b - 22532. Give f(3).
619
Let r(t) = 143*t**2 - 8295*t + 2. Calculate r(58).
-56
Let i(w) = 2026*w - 469965. Calculate i(232).
67
Let z(n) = -10141*n + 131312. Give z(13).
-521
Let u(w) = 1182*w + 248164. What is u(-210)?
-56
Let s(f) = -3*f**3 + 12*f**2 - 245*f + 1287. Give s(5).
-13
Let k(n) = -121*n - 14057. What is k(-124)?
947
Let w(t) = t**2 + 32178*t + 6586243. Give w(-206).
11
Let j(m) = -2*m**3 - 23*m**2 - 10*m - 91. Calculate j(-15).
1634
Let a(p) = -4*p**2 - 221*p + 6013. Determine a(-75).
88
Let q(s) = -s**3 + 35*s**2 + 55*s - 656. Calculate q(36).
28
Let z(b) = -4*b**2 - 175*b - 1834. Determine z(-22).
80
Let h(w) = -3*w**2 - 1041*w - 27688. What is h(-29)?
-22
Let a(l) = 28268*l + 452278. Determine a(-16).
-10
Let l(f) = -6*f**2 + 2565*f + 750530. Determine l(627).
11
Let r(w) = 2240*w + 20109. Calculate r(-9).
-51
Let n(r) = 2*r**3 + 5*r**2 - 85*r - 81. Give n(7).
255
Let g(f) = 955*f**3 + 9549*f**2 - 2*f + 58. Calculate g(-10).
-22
Let y(d) = -3392*d**2 + 40671*d - 36. What is y(12)?
-432
Let a(x) = -x**2 - 111*x - 3739. Determine a(-40).
-899
Let x(i) = 301*i + 47582. Determine x(-158).
24
Let w(i) = 9141*i - 61836. Determine w(7).
2151
Let k(l) = -503*l - 10159. What is k(-20)?
-99
Let g(y) = -15200*y - 15061. Calculate g(-1).
139
Let l(b) = 197*b**2 + 1524*b - 4553. Calculate l(3).
1792
Let o(j) = 5*j**3 + 14*j**2 + 144*j + 510. Give o(-5).
-485
Let r(m) = -m**3 + 87*m**2 - 456*m + 4024. Determine r(82).
252
Let g(k) = 6*k**2 - 2975*k + 72852. Determine g(470).
2
Let r(p) = 8*p**2 + 320*p + 303. Give r(-39).
-9
Let w(q) = 492*q - 5436. What is w(11)?
-24
Let r(c) = 23821*c + 786092. Determine r(-33).
-1
Let v(t) = -t**3 - 373*t**2 - 11234*t - 463. Determine v(-33).
-1
Let a(d) = 112*d - 1589. What is a(18)?
427
Let z(f) = 1617*f - 4871. Calculate z(3).
-20
Let s(c) = -2*c**2 - 1935*c - 68889. Give s(-37).
-32
Let r(s) = s**3 - s**2 + 19*s - 277. Calculate r(9).
542
Let u(o) = 51*o**2 + 1498*o + 555. Determine u(-29).
4
Let v(j) = -j**3 - 58*j**2 - 1484*j - 13752. What is v(-18)?
0
Let t(o) = -o**3 + 29*o**2 - 2134*o + 58973. What is t(28)?
5
Let i(u) = -3*u**2 - 523*u - 14918. Calculate i(-36).
22
Let u(l) = 21259*l - 63497. Give u(3).
280
Let d(x) = 113191*x + 565965. What is d(-5)?
10
Let o(v) = v**3 + 165*v**2 - 897*v - 94034. Calculate o(-167).
-13
Let s(x) = -x**2 - 791*x + 4. What is s(0)?
4
Let b(u) = -2216*u + 850937. Determine b(384).
-7
Let c(z) = 357*z**2 - 1634*z + 1634. Calculate c(1).
357
Let g(w) = w**3 + 109*w**2 - 1106*w - 836. Calculate g(10).
4
Let j(k) = 5803*k - 243591. Calculate j(42).
135
Let d(l) = 11*l**3 - 2*l**2 - 3244*l - 6455. Give d(-2).
-63
Let v(m) = -1967*m**2 - 533057*m - 6. What is v(-271)?
-6
Let k(c) = -41*c**2 - 115*c - 450. Determine k(-4).
-646
Let j(l) = -47*l - 721. Determine j(27).
-1990
Let v(y) = 16*y**2 - 516957*y - 1550866. Calculate v(-3).
149
Let b(l) = 1007*l**2 - 13068*l - 294. Determine b(13).
5
Let i(n) = 2248*n**2 + 8980*n - 27. Give i(-4).
21
Let d(p) = -p**3 - 554*p**2 - 7147*p + 223026. Determine d(-540).
6
Let s(w) = w**3 + 10*w**2 - 385*w - 1211. Give s(17).
47
Let h(q) = -4*q**2 + 4129*q + 123070. Calculate h(-29).
-35
Let x(a) = a**3 + 57*a**2 + 735*a - 2098. Give x(-32).
-18
Let b(a) = -46789*a - 1965141. Give b(-42).
-3
Let q(r) = -r**2 - 97*r + 13520. Calculate q(77).
122
Let m(c) = -22*c**2 + 9341*c + 3439. Calculate m(425).
-386
Let c(g) = -68*g**2 + 593*g + 6394. Give c(15).
-11
Let v(w) = -4*w**2 + 30*w + 42. Calculate v(0).
42
Let d(g) = 97*g + 12274. Give d(-113).
1313
Let j(w) = -3520*w - 10173. Give j(-3).
387
Let y(l) = l**3 - 48*l**2 + 215*l + 1235. Give y(42).
-319
Let b(x) = 5789*x + 2246115. What is b(-388)?
-17
Let r(g) = 1573578*g + 1573588. Give r(-1).
10
Let d(x) = x**3 - 23*x**2 - 341*x + 7905. Calculate d(19).
-18
Let f(y) = -y**2 + 304*y + 167860. Give f(589).
-5
Let w(q) = -1276638*q + 14043023. Calculate w(11).
5
Let l(q) = 7298*q - 43864. What is l(6)?
-76
Let r(g) = 3*g**3 - 961*g**2 - 12701*g + 15643. Calculate r(333).
-8
Let f(u) = 57988*u + 115944. What is f(-2)?
-32
Let h(r) = 10*r**2 - 3795*r - 3781. What is h(-1)?
24
Let r(d) = -2*d**3 + 402*d**2 - 13117*d - 466. Calculate r(160).
14
Let y(p) = -33*p**2 + 905*p - 3698. Calculate y(5).
2
Let h(z) = -920*z - 55209. What is h(-62)?
1831
Let c(g) = 257119*g + 2056890. Give c(-8).
-62
Let r(m) = m**3 - 140*m**2 + 4894*m + 340. Determine r(69).
-5
